 - p**2 + 15*p + 9. What is the units digit of w(f)?
8
Let u = -4903 - -8559. What is the tens digit of u?
5
Let y be 4/16 - (45/(-12) - 2). Suppose -y*l - 79 = -211. What is the units digit of l?
2
What is the tens digit of (-225)/(-30)*(-66990)/(-63)?
7
Let s = -182 + 205. Suppose -s*f - 584 = -27*f - 4*g, 5*f + 2*g - 736 = 0. What is the tens digit of f?
4
Let k(d) = -d**3 + 2*d**2 + 28*d - 19. Let g be k(6). Let l = g - -375. What is the hundreds digit of l?
3
What is the thousands digit of 7*(11/396*18 - (-24543)/6)?
8
Let a = 11610 - -591. What is the hundreds digit of a?
2
Suppose 28 = 54*v - 47*v. What is the units digit of 10128/30 - (v - (-88)/(-20))?
8
Let l be ((-4)/(-3)*3)/((-4)/10). Let x be (-545)/l + -3 - (-3)/2. Let w = 60 - x. What is the units digit of w?
7
Let a = -28 + 24. What is the hundreds digit of a/(-6) + -7 + 1252/3?
4
Let u be 5/(-30) + (544593/(-18))/(-7). Suppose u + 3268 = 15*b. What is the hundreds digit of b?
5
Suppose -21*a = -26*a - 1725. Let j = a - -1060. What is the units digit of j?
5
Let y(j) = j**3 + 31*j**2 - 34*j - 29. Let n(p) = -2*p**3 + 9*p**2 - 3*p + 8. Let l be n(5). What is the tens digit of y(l)?
3
Suppose -3*p = 4*x - 24 + 4, 5*p - 41 = x. Suppose -p*t + 15 = -3*t, 3*o = t - 3. Suppose o = -5*l - 3*v + 855, l + 2*v - 87 = 84. What is the units digit of l?
1
Let l be (4/(-12))/(6 - 629/105). What is the hundreds digit of 911/5 + (252/l - -7)?
1
Let s(k) = 3*k**3 - 166*k**2 + 53*k + 236. What is the ten thousands digit of s(59)?
4
Suppose 0*y + 3*x + 3236 = 2*y, -1613 = -y + 4*x. Suppose 8*q - 275 - y = 0. What is the tens digit of q?
3
Suppose -4*b = 0, -u = 6*b - 7*b + 5. Let l(z) = 4*z**3 + 21*z**2 - 8*z - 1. What is the units digit of l(u)?
4
Let q = -73 - -74. Let n be (-3 - -5)/2*(q - 3). What is the tens digit of ((-161)/(-49) + 1)/(n/(-14))?
3
Let i(t) = -146*t**3 - t**2 + 25*t + 59. What is the hundreds digit of i(-3)?
9
Let g(a) = a**3 - 2*a - 11. Let o be g(0). Let r(y) = -3*y**2 - 6*y + 26. Let p be r(o). Let i = -123 - p. What is the tens digit of i?
4
Let g be (-57)/(-12) - ((-54)/24 - -2). Suppose -g*r - r + 432 = 0. What is the units digit of r?
2
Suppose 4585 = 4*l - 3*m - 8606, m = 5*l - 16508. What is the thousands digit of l?
3
Let n = -9103 - -22253. What is the units digit of n?
0
Let f = 81 + 22. Let i = f + 372. What is the units digit of i?
5
Suppose -10704 = -2*a + 5*n, 3*a = -3*n + 7*n + 16070. What is the tens digit of a?
6
Suppose -2318*f - 146710 = -2323*f. What is the hundreds digit of f?
3
Let x = 28672 + -19748. What is the tens digit of x?
2
Let n(o) = 2*o**2 - 12*o + 13. Let u be n(5). Suppose -2*h = -4*q - 1178, u*q - 3 = 3. What is the units digit of h?
3
Let d(x) be the third derivative of -35*x**4/24 - 10*x**3/3 - 2*x**2 + 78. What is the units digit of d(-9)?
5
Suppose b - 34597 = -4*s, -14*s = -9*s - b - 43244. What is the hundreds digit of s?
6
Suppose 4*r = 641 + 1455. Let c = -222 + 226. Suppose -2*w + 68 = 2*h - 210, 4*w = c*h - r. What is the hundreds digit of h?
1
Suppose -105942 = -61*y + 96883. What is the hundreds digit of y?
3
Let g = 38 - -65. Suppose -17*q - 1 = -g. What is the hundreds digit of (-1)/((-12)/(-282))*q/(-1)?
1
Let z(b) = 8*b + 61. Let c be z(-7). Suppose 0 = f - 3*t - 785, -16 = t - c*t. What is the tens digit of f?
9
Let n(o) = -6356*o - 3569. What is the units digit of n(-3)?
9
What is the ten thousands digit of 16/52 + (-585105)/(-39)?
1
Let c = -1611 - -8478. What is the thousands digit of c?
6
Let s(n) = -n**3 - 10*n**2 - 19*n + 6. Let d be s(-3). Suppose 60*j - 44*j - 14848 = d. What is the hundreds digit of j?
9
Suppose 0 = -2*z - 18*a + 16*a + 67360, -5*a = 2*z - 67354. What is the hundreds digit of z?
6
Let q = 1007 + -458. Suppose 9*u - 612 = q. What is the units digit of (u/(-4) + -1)/(8/(-32))?
3
Suppose 2*q - 33 = -c - 2*q, -2*c + 2*q = -56. Let n be 12/2*(-2)/4. Let d = c - n. What is the units digit of d?
2
Suppose 0 = -4*c + 467 - 123. Suppose -c = w - 401. What is the hundreds digit of w?
3
Let f(z) = 2017*z - 2264. What is the thousands digit of f(18)?
4
Let y(c) = 2*c**3 - 5*c**2 - 2*c + 2. Let x be y(5). Let n = 123 - x. What is the tens digit of ((-87)/3)/((-2)/n*1)?
8
Suppose -45 = 5*d + 35. Let g be (-1 - -1)*(-8)/d. Suppose -7*a + g*a + 441 = 0. What is the tens digit of a?
6
What is the thousands digit of ((-46)/(-10))/(217/188790)?
4
Suppose v - 274 = -3*d + 155, 0 = 4*d - 8. Let w = v - 118. What is the hundreds digit of w?
3
Suppose 2*j = 7 + 1. Suppose -u = -j*u - 198. What is the units digit of (u/(-44))/((-3)/(-70))?
5
Let f = -20120 + 45584. What is the ten thousands digit of f?
2
Let a be 2*(-9)/(-6) - -3. Suppose -5 = -2*w - 5*s + 9, 2*w - 5*s = -a. Suppose 5*t + 10 - 41 = -r, 0 = 3*t + w*r - 20. What is the units digit of t?
6
What is the tens digit of 7/(-7)*(18 + -7963)?
4
Let u(m) = m**3 + 10*m**2 + 25*m + 25. Let g be u(-7). What is the units digit of 44/g*(-3306)/76?
8
Suppose -2*n - 3*k + 6 = n, -n + 2*k + 2 = 0. Suppose 5*u - 2*u = -3*w + 9, u = -n*w + 2. Let q(x) = 8*x**2 - 8*x + 26. What is the units digit of q(u)?
2
Let s = 750 - 744. What is the tens digit of (23135/(-70))/(s/4 - 2)?
6
Suppose 192*j + 30*j = 46*j + 6643296. What is the tens digit of j?
4
Let b(x) = 2*x**3 + 217*x**2 + 86*x - 1900. What is the hundreds digit of b(-107)?
2
Suppose -51522 + 6048 = -4*s + 2*f, -28 = -4*f. What is the units digit of s?
2
Let d(n) = n**2 - 16*n + 31. Let c be d(14). Suppose 2*o - b = 2*b + 25, -10 = o + c*b. Suppose 0 = o*v + 61 - 346. What is the tens digit of v?
5
Suppose -48 = -2*l - 3*d - 6, -3*l = -d - 74. Let p be (-6)/(-4) - (-3)/(l/(-2780)). Let t = p + 507. What is the tens digit of t?
6
Let j = -15 + 20. Suppose -g - w = -507, 1011 = -2*g + 4*g + j*w. Suppose -v + o = -158, -4*o + 33 = -3*v + g. What is the hundreds digit of v?
1
Suppose -v - 6583 = -0*i - i, v - 13181 = -2*i. Suppose -i = -23*r + 11*r. What is the tens digit of r?
4
Let f(h) be the first derivative of 7*h**3/3 - 3*h**2 - 10*h - 2. Let l(y) = -y**3 - 9*y**2 - 3*y - 30. Let p be l(-9). What is the units digit of f(p)?
1
Let h(l) = 198*l**2 - 8*l + 14. Let j(o) = 3*o**2 + 2*o - 3. Let w be j(1). What is the units digit of h(w)?
0
Suppose 8*v = 3*v + 20. Suppose 0 = 4*b + 2*a - 4*a - v, 26 = 2*b + 5*a. Suppose -d - b*d = -36. What is the units digit of d?
9
Suppose -f - 2*g + 6 = 0, 0 = -3*f - g + 5 + 3. Let j be 46/f + 2 - 4. What is the units digit of (-2)/7 + 177*3/j?
5
Let h = -1128 - -866. Let v = h - -1743. What is the units digit of v?
1
Suppose -131724 = -5*x + 83916. What is the tens digit of x?
2
Suppose -21*t + 268065 = -70*t + 1380561. What is the units digit of t?
4
Suppose 4*y = 3*o - 157244, -5*o - 103*y + 262035 = -102*y. What is the hundreds digit of o?
4
Let y(l) be the second derivative of -l**5/10 - l**4/12 + l**3/3 - l**2/2 + 15*l. Let j be y(-2). What is the tens digit of (-844)/(-14) - 2/j?
6
Suppose -2*r + 413 = 191. Suppose -3*g + 100 + 62 = 0. Let o = r - g. What is the tens digit of o?
5
Let t(o) = -8*o + 39. Let r be t(0). What is the hundreds digit of 34/221 + 38877/r?
9
Suppose 572 = 20*y - 9*y. Suppose 0*j = j + y. Let o = 289 + j. What is the hundreds digit of o?
2
Let b(n) = 251*n**2 - 17*n - 1. Suppose 59*d - 14 = 52*d. What is the units digit of b(d)?
9
Suppose 6841 = f + 4*u + 517, 25330 = 4*f - u. What is the hundreds digit of f?
3
Suppose 0 = 40*z - 67961 - 51719. Suppose z = 6*w - 2222. What is the tens digit of w?
6
Suppose k + 3 = -3*r + 4*r, -3*r + 25 = 5*k. Suppose 4*z = k*s + 294, -2 = -z + 3*s + 74. Let m = z - -6. What is the tens digit of m?
7
Suppose 14 = 4*r - 38. Suppose 0 = -k + r - 12. What is the hundreds digit of 1/((3/303)/(k + 0))?
1
Suppose -37*p + 14 = -30*p. Suppose p*g - 489 = -v, -3*g + 402 = 2*v - 578. What is the units digit of v?
3
Let j be (4 - 0)/((-16)/(-24)). Let r be j/((-11)/12 + 1). Suppose -6*z + 372 + r = 0. What is the units digit of z?
4
Let t(o) be the third derivative of o**6/120 + o**5/5 + 7*o**3/6 + 23*o**2. Let g be t(-12). Suppose -g*k = 198 - 1654. What is the tens digit of k?
0
Let p(b) = -b**3 - 11*b**2 + 10*b - 28. Let w be p(-12). Let x(f) = -2*f + 4. Let h be x(w). Let g = h + 8. What is the tens digit of g?
2
Let o(u) = 39*